{"id":7702,"date":"2026-03-14T17:14:26","date_gmt":"2026-03-14T16:14:26","guid":{"rendered":"https:\/\/lydogkabel.dk\/?post_type=product&#038;p=7702"},"modified":"2026-03-14T17:14:27","modified_gmt":"2026-03-14T16:14:27","slug":"the-kinks-present-schoolboys-in-disgrace","status":"publish","type":"product","link":"https:\/\/lydogkabel.dk\/index.php\/vare\/the-kinks-present-schoolboys-in-disgrace\/","title":{"rendered":"The Kinks Present Schoolboys In Disgrace"},"content":{"rendered":"","protected":false},"excerpt":{"rendered":"<p>cover har rest fra sticker \u00f8verst h\u00f8jre, tryk nederste venstre hj\u00f8rne (se billeder). [&hellip;]<\/p>\n","protected":false},"featured_media":7664,"template":"","meta":{"_acf_changed":false},"product_brand":[],"product_cat":[1135],"product_tag":[160,228,2998],"class_list":{"0":"post-7702","1":"product","2":"type-product","3":"status-publish","4":"has-post-thumbnail","6":"product_cat-brugte-lper","7":"product_tag-brugt","8":"product_tag-lp","9":"product_tag-the-kinks-present-schoolboys-in-disgrace","11":"first","12":"instock","13":"taxable","14":"shipping-taxable","15":"purchasable","16":"product-type-simple"},"acf":[],"_links":{"self":[{"href":"https:\/\/lydogkabel.dk\/index.php\/wp-json\/wp\/v2\/product\/7702","targetHints":{"allow":["GET"]}}],"collection":[{"href":"https:\/\/lydogkabel.dk\/index.php\/wp-json\/wp\/v2\/product"}],"about":[{"href":"https:\/\/lydogkabel.dk\/index.php\/wp-json\/wp\/v2\/types\/product"}],"wp:featuredmedia":[{"embeddable":true,"href":"https:\/\/lydogkabel.dk\/index.php\/wp-json\/wp\/v2\/media\/7664"}],"wp:attachment":[{"href":"https:\/\/lydogkabel.dk\/index.php\/wp-json\/wp\/v2\/media?parent=7702"}],"wp:term":[{"taxonomy":"product_brand","embeddable":true,"href":"https:\/\/lydogkabel.dk\/index.php\/wp-json\/wp\/v2\/product_brand?post=7702"},{"taxonomy":"product_cat","embeddable":true,"href":"https:\/\/lydogkabel.dk\/index.php\/wp-json\/wp\/v2\/product_cat?post=7702"},{"taxonomy":"product_tag","embeddable":true,"href":"https:\/\/lydogkabel.dk\/index.php\/wp-json\/wp\/v2\/product_tag?post=7702"}],"curies":[{"name":"wp","href":"https:\/\/api.w.org\/{rel}","templated":true}]}}