{"id":7530,"date":"2026-02-12T22:53:43","date_gmt":"2026-02-12T21:53:43","guid":{"rendered":"https:\/\/lydogkabel.dk\/?post_type=product&#038;p=7530"},"modified":"2026-02-12T22:54:31","modified_gmt":"2026-02-12T21:54:31","slug":"atoll-am200-signature-returvarer","status":"publish","type":"product","link":"https:\/\/lydogkabel.dk\/index.php\/vare\/atoll-am200-signature-returvarer\/","title":{"rendered":"Atoll AM200 SIGNATURE (Returvarer)"},"content":{"rendered":"<header class=\"entry-header\">\n<div class=\"inner-wrap\">\n<h5 class=\"entry-title\"><span style=\"font-size: 16px;\">AM200 Signature Effektforst\u00e6rker er velegnet til de fleste HIFI- eller audio-video-applikationer. Den er yderst skalerbar, den kan bruges alene som stereoblok eller i bi-amplifikation. Den kan forbindes med en integreret forst\u00e6rker hvis den integrede forst\u00e6rker har et pre-out eller en ATOLL forforst\u00e6rker. Den kan brokobles via en intern switch. Den er som standard udstyret med en 12V triggerindgang (direkte t\u00e6nding i forbindelse med en forforst\u00e6rker).<\/span><\/h5>\n<\/div>\n<\/header>\n<div class=\"entry-content\">\n<div class=\"elementor elementor-24855\" data-elementor-type=\"wp-page\" data-elementor-id=\"24855\">\n<section class=\"elementor-section elementor-top-section elementor-element elementor-element-d1e563b elementor-section-stretched animated-slow elementor-section-boxed elementor-section-height-default elementor-section-height-default animated fadeInUp\" data-id=\"d1e563b\" data-element_type=\"section\" data-settings=\"{&quot;stretch_section&quot;:&quot;section-stretched&quot;,&quot;animation&quot;:&quot;fadeInUp&quot;}\">\n<div class=\"elementor-container elementor-column-gap-default\">\n<div class=\"elementor-column elementor-col-33 elementor-top-column elementor-element elementor-element-566ff5d\" data-id=\"566ff5d\" data-element_type=\"column\">\n<div class=\"elementor-widget-wrap\"><\/div>\n<\/div>\n<\/div>\n<\/section>\n<section class=\"elementor-section elementor-top-section elementor-element elementor-element-6c242d5 elementor-section-stretched animated-slow elementor-section-full_width elementor-section-height-default elementor-section-height-default animated fadeInUp\" data-id=\"6c242d5\" data-element_type=\"section\" data-settings=\"{&quot;stretch_section&quot;:&quot;section-stretched&quot;,&quot;animation&quot;:&quot;fadeInUp&quot;}\">\n<div class=\"elementor-container elementor-column-gap-default\">\n<div class=\"elementor-column elementor-col-33 elementor-top-column elementor-element elementor-element-5e41cb4\" data-id=\"5e41cb4\" data-element_type=\"column\">\n<div class=\"elementor-widget-wrap\"><\/div>\n<\/div>\n<div class=\"elementor-column elementor-col-33 elementor-top-column elementor-element elementor-element-7a1b289\" data-id=\"7a1b289\" data-element_type=\"column\">\n<div class=\"elementor-widget-wrap elementor-element-populated\">\n<div class=\"elementor-element elementor-element-a838d71 elementor-widget elementor-widget-image\" data-id=\"a838d71\" data-element_type=\"widget\" data-widget_type=\"image.default\">\n<div class=\"elementor-widget-container\"><a href=\"http:\/\/cuban-ventures.com\/wp-content\/uploads\/2022\/09\/AM200-Sig-silver-bdef-scaled.jpg\" data-elementor-open-lightbox=\"yes\" data-elementor-lightbox-title=\"AM200 Sig silver bdef\" data-e-action-hash=\"#elementor-action%3Aaction%3Dlightbox%26settings%3DeyJpZCI6MTUzMzgsInVybCI6Imh0dHBzOlwvXC93d3cuYXRvbGwtZWxlY3Ryb25pcXVlLmNvbVwvd3AtY29udGVudFwvdXBsb2Fkc1wvMjAyMlwvMDlcL0FNMjAwLVNpZy1zaWx2ZXItYmRlZi1zY2FsZWQuanBnIn0%3D\"><img decoding=\"async\" class=\"elementor-animation-grow attachment-2048x2048 size-2048x2048 wp-image-15338 lazyload\" data-src=\"https:\/\/www.atoll-electronique.com\/wp-content\/uploads\/2022\/09\/AM200-Sig-silver-bdef-2048x940.jpg\" data-sizes=\"100vw\" data-srcset=\"https:\/\/www.atoll-electronique.com\/wp-content\/uploads\/2022\/09\/AM200-Sig-silver-bdef-2048x940.jpg 2048w, https:\/\/www.atoll-electronique.com\/wp-content\/uploads\/2022\/09\/AM200-Sig-silver-bdef-768x352.jpg 768w, https:\/\/www.atoll-electronique.com\/wp-content\/uploads\/2022\/09\/AM200-Sig-silver-bdef-1536x705.jpg 1536w, https:\/\/www.atoll-electronique.com\/wp-content\/uploads\/2022\/09\/AM200-Sig-silver-bdef-2000x918.jpg 2000w, https:\/\/www.atoll-electronique.com\/wp-content\/uploads\/2022\/09\/AM200-Sig-silver-bdef-600x275.jpg 600w, https:\/\/www.atoll-electronique.com\/wp-content\/uploads\/2022\/09\/AM200-Sig-silver-bdef-300x138.jpg 300w, https:\/\/www.atoll-electronique.com\/wp-content\/uploads\/2022\/09\/AM200-Sig-silver-bdef-1024x470.jpg 1024w\" alt=\"\" width=\"2048\" height=\"940\" src=\"data:image\/svg+xml;base64,PHN2ZyB3aWR0aD0iMSIgaGVpZ2h0PSIxIiB4bWxucz0iaHR0cDovL3d3dy53My5vcmcvMjAwMC9zdmciPjwvc3ZnPg==\" style=\"--smush-placeholder-width: 2048px; --smush-placeholder-aspect-ratio: 2048\/940;\" \/><\/a><\/div>\n<\/div>\n<\/div>\n<\/div>\n<div class=\"elementor-column elementor-col-33 elementor-top-column elementor-element elementor-element-2d0391f\" data-id=\"2d0391f\" data-element_type=\"column\">\n<div class=\"elementor-widget-wrap\"><\/div>\n<\/div>\n<\/div>\n<\/section>\n<section class=\"elementor-section elementor-top-section elementor-element elementor-element-9155a59 elementor-section-stretched animated-slow elementor-section-boxed elementor-section-height-default elementor-section-height-default animated fadeInUp\" data-id=\"9155a59\" data-element_type=\"section\" data-settings=\"{&quot;stretch_section&quot;:&quot;section-stretched&quot;,&quot;animation&quot;:&quot;fadeInUp&quot;}\">\n<div class=\"elementor-container elementor-column-gap-default\">\n<div class=\"elementor-column elementor-col-25 elementor-top-column elementor-element elementor-element-5f64517\" data-id=\"5f64517\" data-element_type=\"column\">\n<div class=\"elementor-widget-wrap\"><\/div>\n<\/div>\n<div class=\"elementor-column elementor-col-25 elementor-top-column elementor-element elementor-element-19977da\" data-id=\"19977da\" data-element_type=\"column\">\n<div class=\"elementor-widget-wrap elementor-element-populated\">\n<div class=\"elementor-element elementor-element-31b0aae elementor-widget elementor-widget-text-editor\" data-id=\"31b0aae\" data-element_type=\"widget\" data-widget_type=\"text-editor.default\">\n<div class=\"elementor-widget-container\">\n<ul>\n<li>8 mm brushed aluminium front.<\/li>\n<li>2\u00d7120 Wrms \/ 8\u03a9.<\/li>\n<li>2 toroidal transformers of 340 VA each.<\/li>\n<li>Filtering capacitors: 8\u00d76800 \u03bcF high quality, low ESR specific for ATOLL.<\/li>\n<li>MOS-FET dual push-pull power stage.<\/li>\n<li>Integral dual mono architecture.<\/li>\n<\/ul>\n<\/div>\n<\/div>\n<\/div>\n<\/div>\n<div class=\"elementor-column elementor-col-25 elementor-top-column elementor-element elementor-element-64b78a9\" data-id=\"64b78a9\" data-element_type=\"column\">\n<div class=\"elementor-widget-wrap elementor-element-populated\">\n<div class=\"elementor-element elementor-element-6fb82c7 elementor-widget elementor-widget-text-editor\" data-id=\"6fb82c7\" data-element_type=\"widget\" data-widget_type=\"text-editor.default\">\n<div class=\"elementor-widget-container\">\n<ul>\n<li>Balanced discrete component audio stages.<\/li>\n<li>MOS-FET power transistor.<br \/>\nPolarization of output stages in class A\/B.<\/li>\n<li>Double-sided circuit boards with nickel\/gold finish.<\/li>\n<li>Mono block bridgeable.<\/li>\n<li>12V Trigger input.<\/li>\n<\/ul>\n<\/div>\n<\/div>\n<\/div>\n<\/div>\n<div class=\"elementor-column elementor-col-25 elementor-top-column elementor-element elementor-element-d7ce15b\" data-id=\"d7ce15b\" data-element_type=\"column\">\n<div class=\"elementor-widget-wrap\"><\/div>\n<\/div>\n<\/div>\n<\/section>\n<section class=\"elementor-section elementor-top-section elementor-element elementor-element-d740fed elementor-section-full_width elementor-section-height-default elementor-section-height-default\" data-id=\"d740fed\" data-element_type=\"section\">\n<div class=\"elementor-container elementor-column-gap-default\">\n<div class=\"elementor-column elementor-col-100 elementor-top-column elementor-element elementor-element-11daa75\" data-id=\"11daa75\" data-element_type=\"column\">\n<div class=\"elementor-widget-wrap elementor-element-populated\">\n<div class=\"elementor-element elementor-element-3a05edf elementor-widget elementor-widget-spacer\" data-id=\"3a05edf\" data-element_type=\"widget\" data-widget_type=\"spacer.default\">\n<div class=\"elementor-widget-container\">\n<div class=\"elementor-spacer\">\n<div class=\"elementor-spacer-inner\"><\/div>\n<\/div>\n<\/div>\n<\/div>\n<\/div>\n<\/div>\n<\/div>\n<\/section>\n<section class=\"elementor-section elementor-top-section elementor-element elementor-element-58ef79a elementor-section-stretched elementor-section-full_width animated-slow elementor-section-height-default elementor-section-height-default animated fadeInUp\" data-id=\"58ef79a\" data-element_type=\"section\" data-settings=\"{&quot;stretch_section&quot;:&quot;section-stretched&quot;,&quot;background_background&quot;:&quot;classic&quot;,&quot;animation&quot;:&quot;fadeInUp&quot;}\">\n<div class=\"elementor-container elementor-column-gap-default\">\n<div class=\"elementor-column elementor-col-100 elementor-top-column elementor-element elementor-element-b1f5a8b\" data-id=\"b1f5a8b\" data-element_type=\"column\">\n<div class=\"elementor-widget-wrap elementor-element-populated\">\n<section class=\"elementor-section elementor-inner-section elementor-element elementor-element-6269491 elementor-section-full_width elementor-section-height-default elementor-section-height-default\" data-id=\"6269491\" data-element_type=\"section\">\n<div class=\"elementor-container elementor-column-gap-default\">\n<div class=\"elementor-column elementor-col-100 elementor-inner-column elementor-element elementor-element-4a8e513\" data-id=\"4a8e513\" data-element_type=\"column\">\n<div class=\"elementor-widget-wrap elementor-element-populated\">\n<div class=\"elementor-element elementor-element-552022f elementor-widget elementor-widget-spacer\" data-id=\"552022f\" data-element_type=\"widget\" data-widget_type=\"spacer.default\">\n<div class=\"elementor-widget-container\">\n<div class=\"elementor-spacer\">\n<div class=\"elementor-spacer-inner\"><\/div>\n<\/div>\n<\/div>\n<\/div>\n<\/div>\n<\/div>\n<\/div>\n<\/section>\n<section class=\"elementor-section elementor-inner-section elementor-element elementor-element-b1898d5 elementor-section-full_width elementor-section-height-default elementor-section-height-default\" data-id=\"b1898d5\" data-element_type=\"section\">\n<div class=\"elementor-container elementor-column-gap-default\">\n<div class=\"elementor-column elementor-col-20 elementor-inner-column elementor-element elementor-element-c390044\" data-id=\"c390044\" data-element_type=\"column\">\n<div class=\"elementor-widget-wrap\"><\/div>\n<\/div>\n<div class=\"elementor-column elementor-col-20 elementor-inner-column elementor-element elementor-element-82a013e\" data-id=\"82a013e\" data-element_type=\"column\" data-settings=\"{&quot;background_background&quot;:&quot;classic&quot;}\">\n<div class=\"elementor-widget-wrap elementor-element-populated\">\n<div class=\"elementor-element elementor-element-2db70ad elementor-widget elementor-widget-image\" data-id=\"2db70ad\" data-element_type=\"widget\" data-widget_type=\"image.default\">\n<div class=\"elementor-widget-container\"><a href=\"http:\/\/cuban-ventures.com\/wp-content\/uploads\/2022\/09\/AM200-Sig-arr-det-scaled.jpg\" data-elementor-open-lightbox=\"yes\" data-elementor-lightbox-title=\"AM200 Sig arr det\" data-e-action-hash=\"#elementor-action%3Aaction%3Dlightbox%26settings%3DeyJpZCI6MTUzMTQsInVybCI6Imh0dHBzOlwvXC93d3cuYXRvbGwtZWxlY3Ryb25pcXVlLmNvbVwvd3AtY29udGVudFwvdXBsb2Fkc1wvMjAyMlwvMDlcL0FNMjAwLVNpZy1hcnItZGV0LXNjYWxlZC5qcGcifQ%3D%3D\"><img decoding=\"async\" class=\"attachment-1536x1536 size-1536x1536 wp-image-15314 lazyload\" data-src=\"https:\/\/www.atoll-electronique.com\/wp-content\/uploads\/2022\/09\/AM200-Sig-arr-det-1536x474.jpg\" data-sizes=\"100vw\" data-srcset=\"https:\/\/www.atoll-electronique.com\/wp-content\/uploads\/2022\/09\/AM200-Sig-arr-det-1536x474.jpg 1536w, https:\/\/www.atoll-electronique.com\/wp-content\/uploads\/2022\/09\/AM200-Sig-arr-det-768x237.jpg 768w, https:\/\/www.atoll-electronique.com\/wp-content\/uploads\/2022\/09\/AM200-Sig-arr-det-2048x632.jpg 2048w, https:\/\/www.atoll-electronique.com\/wp-content\/uploads\/2022\/09\/AM200-Sig-arr-det-2000x617.jpg 2000w, https:\/\/www.atoll-electronique.com\/wp-content\/uploads\/2022\/09\/AM200-Sig-arr-det-600x185.jpg 600w, https:\/\/www.atoll-electronique.com\/wp-content\/uploads\/2022\/09\/AM200-Sig-arr-det-300x93.jpg 300w, https:\/\/www.atoll-electronique.com\/wp-content\/uploads\/2022\/09\/AM200-Sig-arr-det-1024x316.jpg 1024w\" alt=\"\" width=\"1536\" height=\"474\" src=\"data:image\/svg+xml;base64,PHN2ZyB3aWR0aD0iMSIgaGVpZ2h0PSIxIiB4bWxucz0iaHR0cDovL3d3dy53My5vcmcvMjAwMC9zdmciPjwvc3ZnPg==\" style=\"--smush-placeholder-width: 1536px; --smush-placeholder-aspect-ratio: 1536\/474;\" \/><\/a><\/div>\n<\/div>\n<\/div>\n<\/div>\n<div class=\"elementor-column elementor-col-20 elementor-inner-column elementor-element elementor-element-48cf1fc\" data-id=\"48cf1fc\" data-element_type=\"column\">\n<div class=\"elementor-widget-wrap\"><\/div>\n<\/div>\n<div class=\"elementor-column elementor-col-20 elementor-inner-column elementor-element elementor-element-0ac906d\" data-id=\"0ac906d\" data-element_type=\"column\">\n<div class=\"elementor-widget-wrap elementor-element-populated\">\n<div class=\"elementor-element elementor-element-00a6ac8 elementor-widget elementor-widget-text-editor\" data-id=\"00a6ac8\" data-element_type=\"widget\" data-widget_type=\"text-editor.default\">\n<div class=\"elementor-widget-container\">\n<p>CONNECTIVITY<\/p>\n<\/div>\n<\/div>\n<div class=\"elementor-element elementor-element-369b547 elementor-widget elementor-widget-text-editor\" data-id=\"369b547\" data-element_type=\"widget\" data-widget_type=\"text-editor.default\">\n<div class=\"elementor-widget-container\">\n<p>1 RCA stereo analogue input.<br \/>\n1 RCA stereo analogue output.<\/p>\n<p>12V Trigger input.<\/p>\n<p>Loudspeaker outputs on gold-plated screw terminal blocks.<\/p>\n<\/div>\n<\/div>\n<\/div>\n<\/div>\n<div class=\"elementor-column elementor-col-20 elementor-inner-column elementor-element elementor-element-b9a79d1\" data-id=\"b9a79d1\" data-element_type=\"column\">\n<div class=\"elementor-widget-wrap\"><\/div>\n<\/div>\n<\/div>\n<\/section>\n<\/div>\n<\/div>\n<\/div>\n<\/section>\n<section class=\"elementor-section elementor-top-section elementor-element elementor-element-0b14bce elementor-section-stretched animated-slow elementor-section-full_width elementor-section-height-default elementor-section-height-default animated fadeInUp\" data-id=\"0b14bce\" data-element_type=\"section\" data-settings=\"{&quot;stretch_section&quot;:&quot;section-stretched&quot;,&quot;animation&quot;:&quot;fadeInUp&quot;}\">\n<div class=\"elementor-container elementor-column-gap-default\">\n<div class=\"elementor-column elementor-col-25 elementor-top-column elementor-element elementor-element-f50551e\" data-id=\"f50551e\" data-element_type=\"column\">\n<div class=\"elementor-widget-wrap elementor-element-populated\">\n<div class=\"elementor-element elementor-element-1d0661c elementor-widget elementor-widget-text-editor\" data-id=\"1d0661c\" data-element_type=\"widget\" data-widget_type=\"text-editor.default\">\n<div class=\"elementor-widget-container\">\n<p>TECHNICAL DATA<\/p>\n<\/div>\n<\/div>\n<div class=\"elementor-element elementor-element-b7afa0b elementor-widget elementor-widget-text-editor\" data-id=\"b7afa0b\" data-element_type=\"widget\" data-widget_type=\"text-editor.default\">\n<div class=\"elementor-widget-container\">\n<p><strong>Power Wrms\/channel\/8 \u03a9<\/strong>: 120 W<br \/>\n<strong>Power Wrms\/channel\/4 \u03a9<\/strong>: 200 W<br \/>\n<strong>Power supply<\/strong>: 2\u00d7340VA<br \/>\n<strong>Total of capacitors<\/strong>: 57 280 \u00b5F<br \/>\n<strong>Number of entries<\/strong>: 2<br \/>\n<strong>Input impedance<\/strong>: 220 k\u03a9<br \/>\n<strong>Sensitivity<\/strong>: 1,77 V<br \/>\n<strong>Signal\/Noise ratio<\/strong>: 100 dB<br \/>\n<strong>Distortion at 1 kHz<\/strong>: 0,05%<br \/>\n<strong>Bandwidth<\/strong>: 5 Hz \u2013 100 kHz<br \/>\n<strong>Rising time<\/strong>: 1,5 \u00b5s<br \/>\n<strong>Dimensions<\/strong>: 440\u00d7295\u00d795 mm<br \/>\n<strong>Weight<\/strong>: 12 Kg<\/p>\n<\/div>\n<\/div>\n<\/div>\n<\/div>\n<div class=\"elementor-column elementor-col-25 elementor-top-column elementor-element elementor-element-a89d260\" data-id=\"a89d260\" data-element_type=\"column\">\n<div class=\"elementor-widget-wrap elementor-element-populated\">\n<div class=\"elementor-element elementor-element-baf9f94 elementor-widget elementor-widget-text-editor\" data-id=\"baf9f94\" data-element_type=\"widget\" data-widget_type=\"text-editor.default\">\n<div class=\"elementor-widget-container\">\n<p>AM200 Sig\u00a0DOCUMENTS<\/p>\n<\/div>\n<\/div>\n<div class=\"elementor-element elementor-element-eaf7bff elementor-widget elementor-widget-text-editor\" data-id=\"eaf7bff\" data-element_type=\"widget\" data-widget_type=\"text-editor.default\">\n<div class=\"elementor-widget-container\">\n<p><a href=\"http:\/\/atoll-electronique.com\/wp-content\/uploads\/2022\/12\/Owners-Manual-AM200-Sig.pdf\" target=\"_blank\" rel=\"noopener\">Owner\u2019s Manual<\/a><\/p>\n<p>Device Scheme Installation:<\/p>\n<ol>\n<li><a href=\"https:\/\/www.atoll-electronique.com\/wp-content\/uploads\/2023\/02\/MA100-AM100-200-300-400-EN-MONO-scaled.jpg\" target=\"_blank\" rel=\"noopener\">In MONO<\/a><\/li>\n<li><a href=\"https:\/\/www.atoll-electronique.com\/wp-content\/uploads\/2023\/02\/MA100-AM100-200-300-400-EN-BI-AMPLIFICATION-scaled.jpg\" target=\"_blank\" rel=\"noopener\">In BI-AMPLIFICATION<\/a><\/li>\n<li><a href=\"https:\/\/www.atoll-electronique.com\/wp-content\/uploads\/2023\/02\/MA100-AM100-200-300-400-EN-STEREO-scaled.jpg\" target=\"_blank\" rel=\"noopener\">In STEREO<\/a><\/li>\n<\/ol>\n<p><a href=\"http:\/\/atoll-electronique.com\/en\/supports\/presse-reviews\/\">Presse Reviews<\/a><\/p>\n<\/div>\n<\/div>\n<\/div>\n<\/div>\n<div class=\"elementor-column elementor-col-25 elementor-top-column elementor-element elementor-element-fb36615\" data-id=\"fb36615\" data-element_type=\"column\">\n<div class=\"elementor-widget-wrap\"><\/div>\n<\/div>\n<\/div>\n<\/section>\n<section class=\"elementor-section elementor-top-section elementor-element elementor-element-ed7c5e7 elementor-section-full_width elementor-section-height-default elementor-section-height-default\" data-id=\"ed7c5e7\" data-element_type=\"section\">\n<div class=\"elementor-container elementor-column-gap-default\">\n<div class=\"elementor-column elementor-col-100 elementor-top-column elementor-element elementor-element-4601010\" data-id=\"4601010\" data-element_type=\"column\">\n<div class=\"elementor-widget-wrap elementor-element-populated\">\n<div class=\"elementor-element elementor-element-d90ff4e elementor-widget elementor-widget-spacer\" data-id=\"d90ff4e\" data-element_type=\"widget\" data-widget_type=\"spacer.default\">\n<div class=\"elementor-widget-container\">\n<div class=\"elementor-spacer\"><\/div>\n<\/div>\n<\/div>\n<\/div>\n<\/div>\n<\/div>\n<\/section>\n<\/div>\n<\/div>\n","protected":false},"excerpt":{"rendered":"<p>AM200 Signature Effektforst\u00e6rker er velegnet til de fleste HIFI- eller audio-video-applikationer. Den er [&hellip;]<\/p>\n","protected":false},"featured_media":3577,"template":"","meta":{"_acf_changed":false},"product_brand":[],"product_cat":[158,46],"product_tag":[1705,1706],"class_list":{"0":"post-7530","1":"product","2":"type-product","3":"status-publish","4":"has-post-thumbnail","6":"product_cat-effekt-forstaerkere","7":"product_cat-brugt-og-demo-salg","8":"product_tag-am200-signature","9":"product_tag-atoll-effektforstaerker","11":"first","12":"instock","13":"sale","14":"taxable","15":"shipping-taxable","16":"purchasable","17":"product-type-simple"},"acf":[],"_links":{"self":[{"href":"https:\/\/lydogkabel.dk\/index.php\/wp-json\/wp\/v2\/product\/7530","targetHints":{"allow":["GET"]}}],"collection":[{"href":"https:\/\/lydogkabel.dk\/index.php\/wp-json\/wp\/v2\/product"}],"about":[{"href":"https:\/\/lydogkabel.dk\/index.php\/wp-json\/wp\/v2\/types\/product"}],"wp:featuredmedia":[{"embeddable":true,"href":"https:\/\/lydogkabel.dk\/index.php\/wp-json\/wp\/v2\/media\/3577"}],"wp:attachment":[{"href":"https:\/\/lydogkabel.dk\/index.php\/wp-json\/wp\/v2\/media?parent=7530"}],"wp:term":[{"taxonomy":"product_brand","embeddable":true,"href":"https:\/\/lydogkabel.dk\/index.php\/wp-json\/wp\/v2\/product_brand?post=7530"},{"taxonomy":"product_cat","embeddable":true,"href":"https:\/\/lydogkabel.dk\/index.php\/wp-json\/wp\/v2\/product_cat?post=7530"},{"taxonomy":"product_tag","embeddable":true,"href":"https:\/\/lydogkabel.dk\/index.php\/wp-json\/wp\/v2\/product_tag?post=7530"}],"curies":[{"name":"wp","href":"https:\/\/api.w.org\/{rel}","templated":true}]}}