{"id":7179,"date":"2025-09-05T21:38:43","date_gmt":"2025-09-05T19:38:43","guid":{"rendered":"https:\/\/lydogkabel.dk\/?post_type=product&#038;p=7179"},"modified":"2025-09-05T21:38:44","modified_gmt":"2025-09-05T19:38:44","slug":"vixen-rev-it-up","status":"publish","type":"product","link":"https:\/\/lydogkabel.dk\/index.php\/vare\/vixen-rev-it-up\/","title":{"rendered":"Vixen &#8211; Rev It Up"},"content":{"rendered":"","protected":false},"excerpt":{"rendered":"<p>Meget fin. Der er ikke noget at uds\u00e6tte p\u00e5 v\u00e6rken plade eller cover [&hellip;]<\/p>\n","protected":false},"featured_media":7135,"template":"","meta":{"_acf_changed":false},"product_brand":[],"product_cat":[1135],"product_tag":[160,228,2860,2859],"class_list":{"0":"post-7179","1":"product","2":"type-product","3":"status-publish","4":"has-post-thumbnail","6":"product_cat-brugte-lper","7":"product_tag-brugt","8":"product_tag-lp","9":"product_tag-rev-it-up","10":"product_tag-vixen","12":"first","13":"instock","14":"taxable","15":"shipping-taxable","16":"purchasable","17":"product-type-simple"},"acf":[],"_links":{"self":[{"href":"https:\/\/lydogkabel.dk\/index.php\/wp-json\/wp\/v2\/product\/7179","targetHints":{"allow":["GET"]}}],"collection":[{"href":"https:\/\/lydogkabel.dk\/index.php\/wp-json\/wp\/v2\/product"}],"about":[{"href":"https:\/\/lydogkabel.dk\/index.php\/wp-json\/wp\/v2\/types\/product"}],"wp:featuredmedia":[{"embeddable":true,"href":"https:\/\/lydogkabel.dk\/index.php\/wp-json\/wp\/v2\/media\/7135"}],"wp:attachment":[{"href":"https:\/\/lydogkabel.dk\/index.php\/wp-json\/wp\/v2\/media?parent=7179"}],"wp:term":[{"taxonomy":"product_brand","embeddable":true,"href":"https:\/\/lydogkabel.dk\/index.php\/wp-json\/wp\/v2\/product_brand?post=7179"},{"taxonomy":"product_cat","embeddable":true,"href":"https:\/\/lydogkabel.dk\/index.php\/wp-json\/wp\/v2\/product_cat?post=7179"},{"taxonomy":"product_tag","embeddable":true,"href":"https:\/\/lydogkabel.dk\/index.php\/wp-json\/wp\/v2\/product_tag?post=7179"}],"curies":[{"name":"wp","href":"https:\/\/api.w.org\/{rel}","templated":true}]}}