{"id":6750,"date":"2025-04-09T13:53:41","date_gmt":"2025-04-09T11:53:41","guid":{"rendered":"https:\/\/lydogkabel.dk\/?post_type=product&#038;p=6750"},"modified":"2025-04-09T13:54:51","modified_gmt":"2025-04-09T11:54:51","slug":"ortofon-pladevaegt-ortofon-stabilizer","status":"publish","type":"product","link":"https:\/\/lydogkabel.dk\/index.php\/vare\/ortofon-pladevaegt-ortofon-stabilizer\/","title":{"rendered":"Ortofon Pladev\u00e6gt &#8211; Ortofon Stabilizer"},"content":{"rendered":"","protected":false},"excerpt":{"rendered":"<p>Mindsker u\u00f8nskede vibration for \u00f8get stabilitet ved afspilning og forbedret lyd. 240gr [&hellip;]<\/p>\n","protected":false},"featured_media":6751,"template":"","meta":{"_acf_changed":false},"product_brand":[],"product_cat":[129],"product_tag":[1294,228,132,1293,2738],"class_list":{"0":"post-6750","1":"product","2":"type-product","3":"status-publish","4":"has-post-thumbnail","6":"product_cat-pladespiller-tilbehoer","7":"product_tag-clamp","8":"product_tag-lp","9":"product_tag-ortofon","10":"product_tag-pladevaegt","11":"product_tag-stabilizer","13":"first","14":"instock","15":"taxable","16":"shipping-taxable","17":"purchasable","18":"product-type-simple"},"acf":[],"_links":{"self":[{"href":"https:\/\/lydogkabel.dk\/index.php\/wp-json\/wp\/v2\/product\/6750","targetHints":{"allow":["GET"]}}],"collection":[{"href":"https:\/\/lydogkabel.dk\/index.php\/wp-json\/wp\/v2\/product"}],"about":[{"href":"https:\/\/lydogkabel.dk\/index.php\/wp-json\/wp\/v2\/types\/product"}],"wp:featuredmedia":[{"embeddable":true,"href":"https:\/\/lydogkabel.dk\/index.php\/wp-json\/wp\/v2\/media\/6751"}],"wp:attachment":[{"href":"https:\/\/lydogkabel.dk\/index.php\/wp-json\/wp\/v2\/media?parent=6750"}],"wp:term":[{"taxonomy":"product_brand","embeddable":true,"href":"https:\/\/lydogkabel.dk\/index.php\/wp-json\/wp\/v2\/product_brand?post=6750"},{"taxonomy":"product_cat","embeddable":true,"href":"https:\/\/lydogkabel.dk\/index.php\/wp-json\/wp\/v2\/product_cat?post=6750"},{"taxonomy":"product_tag","embeddable":true,"href":"https:\/\/lydogkabel.dk\/index.php\/wp-json\/wp\/v2\/product_tag?post=6750"}],"curies":[{"name":"wp","href":"https:\/\/api.w.org\/{rel}","templated":true}]}}