{"id":597,"date":"2019-09-19T12:00:59","date_gmt":"2019-09-19T10:00:59","guid":{"rendered":"http:\/\/lydogkabel.dk\/index.php\/vare\/import-placeholder-for-3519\/"},"modified":"2024-07-13T22:00:00","modified_gmt":"2024-07-13T20:00:00","slug":"wooden-bull-plademaatte-kork-laeder","status":"publish","type":"product","link":"https:\/\/lydogkabel.dk\/index.php\/vare\/wooden-bull-plademaatte-kork-laeder\/","title":{"rendered":"Wooden Bull Pladem\u00e5tte (Kork\/L\u00e6der)"},"content":{"rendered":"<p>Flere p\u00e5 vej p\u00e5 lager!<\/p>\n<p>&nbsp;<\/p>\n<p>Fordele ved Wooden Bull:<\/p>\n<p>-forh\u00f8jet greb p\u00e5 pladen (medvirkende til forbedret gengivelse)<\/p>\n<p>-Bedre sporing (Medvirkende til bedre gengivelse)<\/p>\n<p>-L\u00e6deret beskytter undersiden af dine plader<\/p>\n<p>-Ingen luftophobninger mellem pladetallerken og m\u00e5tte (St\u00f8jreducerende)<\/p>\n<p>-Vibrationsd\u00e6mpende (St\u00f8jreducerende)<\/p>\n<p>-formindsker statiske problemer (St\u00f8jreducerende)<\/p>\n","protected":false},"excerpt":{"rendered":"<p>Wooden Bull patenterede Audiofile pladem\u00e5tter kombinere de bedste kvaliteter fra l\u00e6der og kork [&hellip;]<\/p>\n","protected":false},"featured_media":625,"template":"","meta":{"_acf_changed":false},"product_brand":[],"product_cat":[129],"product_tag":[328,329,134,144],"class_list":{"0":"post-597","1":"product","2":"type-product","3":"status-publish","4":"has-post-thumbnail","6":"product_cat-pladespiller-tilbehoer","7":"product_tag-maatte","8":"product_tag-plademaatte","9":"product_tag-pladespiller","10":"product_tag-tilbehoer","12":"first","13":"outofstock","14":"taxable","15":"shipping-taxable","16":"purchasable","17":"product-type-variable"},"acf":[],"_links":{"self":[{"href":"https:\/\/lydogkabel.dk\/index.php\/wp-json\/wp\/v2\/product\/597","targetHints":{"allow":["GET"]}}],"collection":[{"href":"https:\/\/lydogkabel.dk\/index.php\/wp-json\/wp\/v2\/product"}],"about":[{"href":"https:\/\/lydogkabel.dk\/index.php\/wp-json\/wp\/v2\/types\/product"}],"wp:featuredmedia":[{"embeddable":true,"href":"https:\/\/lydogkabel.dk\/index.php\/wp-json\/wp\/v2\/media\/625"}],"wp:attachment":[{"href":"https:\/\/lydogkabel.dk\/index.php\/wp-json\/wp\/v2\/media?parent=597"}],"wp:term":[{"taxonomy":"product_brand","embeddable":true,"href":"https:\/\/lydogkabel.dk\/index.php\/wp-json\/wp\/v2\/product_brand?post=597"},{"taxonomy":"product_cat","embeddable":true,"href":"https:\/\/lydogkabel.dk\/index.php\/wp-json\/wp\/v2\/product_cat?post=597"},{"taxonomy":"product_tag","embeddable":true,"href":"https:\/\/lydogkabel.dk\/index.php\/wp-json\/wp\/v2\/product_tag?post=597"}],"curies":[{"name":"wp","href":"https:\/\/api.w.org\/{rel}","templated":true}]}}