{"id":381,"date":"2019-09-19T11:58:47","date_gmt":"2019-09-19T09:58:47","guid":{"rendered":"http:\/\/lydogkabel.dk\/index.php\/vare\/import-placeholder-for-1647\/"},"modified":"2025-08-21T12:16:03","modified_gmt":"2025-08-21T10:16:03","slug":"rega-p3-elys","status":"publish","type":"product","link":"https:\/\/lydogkabel.dk\/index.php\/vare\/rega-p3-elys\/","title":{"rendered":"Rega Planar 3 HVID (uden pickup)"},"content":{"rendered":"<p>Der er lavet en bred vifte af opgraderinger p\u00e5 den nye Planar 3. Den v\u00e6sentligste opgradering p\u00e5 Rega Planar 3 er tonearmen. Tonearmen er en nykonstruktion og har f\u00e5et navnet (RB330).<br \/>\nAnti-skating i tre niveauer flyttet ned under armen, helt ny kabling af armen og l\u00e6kre rca neutrikstik.<\/p>\n<p>Central-leje i messing, pladetallerken i 12mm glas, og nye f\u00f8dder for bedre afkobling af vibrationer.<\/p>\n<p>Bedre afstivet plint og on\/off er flyttet ned under plint i venstre hj\u00f8rne for bedre tilg\u00e6ngelighed.<\/p>\n","protected":false},"excerpt":{"rendered":"<p>Den nye Rega Planar 3 erstatter den tidligere multi prisbel\u00f8nnede og fem gange [&hellip;]<\/p>\n","protected":false},"featured_media":3808,"template":"","meta":{"_acf_changed":false},"product_brand":[],"product_cat":[201],"product_tag":[134,202,1799,199],"class_list":{"0":"post-381","1":"product","2":"type-product","3":"status-publish","4":"has-post-thumbnail","6":"product_cat-pladespillere","7":"product_tag-pladespiller","8":"product_tag-planar","9":"product_tag-planar-3","10":"product_tag-rega","12":"first","13":"instock","14":"taxable","15":"shipping-taxable","16":"purchasable","17":"product-type-simple"},"acf":[],"_links":{"self":[{"href":"https:\/\/lydogkabel.dk\/index.php\/wp-json\/wp\/v2\/product\/381","targetHints":{"allow":["GET"]}}],"collection":[{"href":"https:\/\/lydogkabel.dk\/index.php\/wp-json\/wp\/v2\/product"}],"about":[{"href":"https:\/\/lydogkabel.dk\/index.php\/wp-json\/wp\/v2\/types\/product"}],"wp:featuredmedia":[{"embeddable":true,"href":"https:\/\/lydogkabel.dk\/index.php\/wp-json\/wp\/v2\/media\/3808"}],"wp:attachment":[{"href":"https:\/\/lydogkabel.dk\/index.php\/wp-json\/wp\/v2\/media?parent=381"}],"wp:term":[{"taxonomy":"product_brand","embeddable":true,"href":"https:\/\/lydogkabel.dk\/index.php\/wp-json\/wp\/v2\/product_brand?post=381"},{"taxonomy":"product_cat","embeddable":true,"href":"https:\/\/lydogkabel.dk\/index.php\/wp-json\/wp\/v2\/product_cat?post=381"},{"taxonomy":"product_tag","embeddable":true,"href":"https:\/\/lydogkabel.dk\/index.php\/wp-json\/wp\/v2\/product_tag?post=381"}],"curies":[{"name":"wp","href":"https:\/\/api.w.org\/{rel}","templated":true}]}}