{"id":339,"date":"2019-09-19T11:58:19","date_gmt":"2019-09-19T09:58:19","guid":{"rendered":"http:\/\/lydogkabel.dk\/index.php\/vare\/import-placeholder-for-1477\/"},"modified":"2025-04-04T11:21:32","modified_gmt":"2025-04-04T09:21:32","slug":"atoll-electronique-ma100","status":"publish","type":"product","link":"https:\/\/lydogkabel.dk\/index.php\/vare\/atoll-electronique-ma100\/","title":{"rendered":"ATOLL ELECTRONIQUE MA100"},"content":{"rendered":"","protected":false},"excerpt":{"rendered":"<p>L\u00e6kker og st\u00e6rk MINI-effekt. MA100 fra Franske Atolls MINI-LINE er en st\u00e6rk lille [&hellip;]<\/p>\n","protected":false},"featured_media":360,"template":"","meta":{"_acf_changed":false},"product_brand":[],"product_cat":[158],"product_tag":[48,171,176,168,49,192],"class_list":{"0":"post-339","1":"product","2":"type-product","3":"status-publish","4":"has-post-thumbnail","6":"product_cat-effekt-forstaerkere","7":"product_tag-amp","8":"product_tag-atoll","9":"product_tag-effekt","10":"product_tag-effektforstaerker","11":"product_tag-forstaerker","12":"product_tag-ma100","14":"first","15":"instock","16":"taxable","17":"shipping-taxable","18":"purchasable","19":"product-type-variable"},"acf":[],"_links":{"self":[{"href":"https:\/\/lydogkabel.dk\/index.php\/wp-json\/wp\/v2\/product\/339","targetHints":{"allow":["GET"]}}],"collection":[{"href":"https:\/\/lydogkabel.dk\/index.php\/wp-json\/wp\/v2\/product"}],"about":[{"href":"https:\/\/lydogkabel.dk\/index.php\/wp-json\/wp\/v2\/types\/product"}],"wp:featuredmedia":[{"embeddable":true,"href":"https:\/\/lydogkabel.dk\/index.php\/wp-json\/wp\/v2\/media\/360"}],"wp:attachment":[{"href":"https:\/\/lydogkabel.dk\/index.php\/wp-json\/wp\/v2\/media?parent=339"}],"wp:term":[{"taxonomy":"product_brand","embeddable":true,"href":"https:\/\/lydogkabel.dk\/index.php\/wp-json\/wp\/v2\/product_brand?post=339"},{"taxonomy":"product_cat","embeddable":true,"href":"https:\/\/lydogkabel.dk\/index.php\/wp-json\/wp\/v2\/product_cat?post=339"},{"taxonomy":"product_tag","embeddable":true,"href":"https:\/\/lydogkabel.dk\/index.php\/wp-json\/wp\/v2\/product_tag?post=339"}],"curies":[{"name":"wp","href":"https:\/\/api.w.org\/{rel}","templated":true}]}}