{"id":3013,"date":"2022-10-13T23:45:31","date_gmt":"2022-10-13T21:45:31","guid":{"rendered":"https:\/\/lydogkabel.dk\/?post_type=product&#038;p=3013"},"modified":"2022-10-14T00:15:24","modified_gmt":"2022-10-13T22:15:24","slug":"sinox-shd-phono-kabel-3m-sort","status":"publish","type":"product","link":"https:\/\/lydogkabel.dk\/index.php\/vare\/sinox-shd-phono-kabel-3m-sort\/","title":{"rendered":"Sinox SHD Phono kabel. 3m. Sort"},"content":{"rendered":"<ul>\n<li>24K guldbelagte stik<\/li>\n<li>99,96 % oxygenfri kobberleder<\/li>\n<li>Blisterpakket<\/li>\n<\/ul>\n","protected":false},"excerpt":{"rendered":"<p>Et fornuftigt RCA-kabel n\u00e5r du ikke vil ofre store bel\u00f8b p\u00e5 kabler, men [&hellip;]<\/p>\n","protected":false},"featured_media":3015,"template":"","meta":{"_acf_changed":false},"product_brand":[],"product_cat":[17],"product_tag":[19,21,22],"class_list":{"0":"post-3013","1":"product","2":"type-product","3":"status-publish","4":"has-post-thumbnail","6":"product_cat-phono-kabel-rca","7":"product_tag-kabel","8":"product_tag-phono","9":"product_tag-rca","11":"first","12":"instock","13":"taxable","14":"shipping-taxable","15":"purchasable","16":"product-type-simple"},"acf":[],"_links":{"self":[{"href":"https:\/\/lydogkabel.dk\/index.php\/wp-json\/wp\/v2\/product\/3013","targetHints":{"allow":["GET"]}}],"collection":[{"href":"https:\/\/lydogkabel.dk\/index.php\/wp-json\/wp\/v2\/product"}],"about":[{"href":"https:\/\/lydogkabel.dk\/index.php\/wp-json\/wp\/v2\/types\/product"}],"wp:featuredmedia":[{"embeddable":true,"href":"https:\/\/lydogkabel.dk\/index.php\/wp-json\/wp\/v2\/media\/3015"}],"wp:attachment":[{"href":"https:\/\/lydogkabel.dk\/index.php\/wp-json\/wp\/v2\/media?parent=3013"}],"wp:term":[{"taxonomy":"product_brand","embeddable":true,"href":"https:\/\/lydogkabel.dk\/index.php\/wp-json\/wp\/v2\/product_brand?post=3013"},{"taxonomy":"product_cat","embeddable":true,"href":"https:\/\/lydogkabel.dk\/index.php\/wp-json\/wp\/v2\/product_cat?post=3013"},{"taxonomy":"product_tag","embeddable":true,"href":"https:\/\/lydogkabel.dk\/index.php\/wp-json\/wp\/v2\/product_tag?post=3013"}],"curies":[{"name":"wp","href":"https:\/\/api.w.org\/{rel}","templated":true}]}}