{"id":1632,"date":"2020-01-09T00:17:06","date_gmt":"2020-01-08T23:17:06","guid":{"rendered":"http:\/\/lydogkabel.dk\/?post_type=product&#038;p=1632"},"modified":"2023-01-31T11:28:25","modified_gmt":"2023-01-31T10:28:25","slug":"grado-sr80e","status":"publish","type":"product","link":"https:\/\/lydogkabel.dk\/index.php\/vare\/grado-sr80e\/","title":{"rendered":"Grado SR80x"},"content":{"rendered":"<p>Grado Labs er en familie virksomhed baseret i Brooklyn, New York. Grundlagt i 1953 af Joseph Grado (1924-2015) og over de sidste 61 \u00e5r er Grado Labs blevet verdenskendte for Deres fantastiske Hovedtelefoner og Pick-upper.<br \/>\nJoseph Grado har ansvaret for flere innovative pickup design end nogen anden i hans levetid, han er manden bag Stereo Moving Coil pickuppen og har mere end 48 patenter.<br \/>\nI slutningen af 80\u2019erne begyndte Grado Labs at designe, hvad der nu er kendt for, de f\u00f8rste \u00e6gte High-End dynamiske hovedtelefoner.<br \/>\nIkke uden \u00e5rsag at Joseph Grado i 1982 blev optaget i \u201cAudio Hall Of Fame\u201d<\/p>\n<p>I dag er det John Grado og s\u00f8nnen Jonathan Grado der l\u00f8fter den fantastiske arv i Grado Labs og alle produkter bliver stadig produceret p\u00e5 adressen i Brooklyn, New York<\/p>\n<p>\u201cit\u2019s a true family heritage\u201d<\/p>\n","protected":false},"excerpt":{"rendered":"<p>Her f\u00e5r du en hovedtelefon i med Grado\u00b4s velkendte sound og klassiske minimalistiske [&hellip;]<\/p>\n","protected":false},"featured_media":3255,"template":"","meta":{"_acf_changed":false},"product_brand":[],"product_cat":[842],"product_tag":[843,844,845],"class_list":{"0":"post-1632","1":"product","2":"type-product","3":"status-publish","4":"has-post-thumbnail","6":"product_cat-headphones","7":"product_tag-grado","8":"product_tag-headphones","9":"product_tag-hovedtelefon","11":"first","12":"outofstock","13":"taxable","14":"shipping-taxable","15":"purchasable","16":"product-type-simple"},"acf":[],"_links":{"self":[{"href":"https:\/\/lydogkabel.dk\/index.php\/wp-json\/wp\/v2\/product\/1632","targetHints":{"allow":["GET"]}}],"collection":[{"href":"https:\/\/lydogkabel.dk\/index.php\/wp-json\/wp\/v2\/product"}],"about":[{"href":"https:\/\/lydogkabel.dk\/index.php\/wp-json\/wp\/v2\/types\/product"}],"wp:featuredmedia":[{"embeddable":true,"href":"https:\/\/lydogkabel.dk\/index.php\/wp-json\/wp\/v2\/media\/3255"}],"wp:attachment":[{"href":"https:\/\/lydogkabel.dk\/index.php\/wp-json\/wp\/v2\/media?parent=1632"}],"wp:term":[{"taxonomy":"product_brand","embeddable":true,"href":"https:\/\/lydogkabel.dk\/index.php\/wp-json\/wp\/v2\/product_brand?post=1632"},{"taxonomy":"product_cat","embeddable":true,"href":"https:\/\/lydogkabel.dk\/index.php\/wp-json\/wp\/v2\/product_cat?post=1632"},{"taxonomy":"product_tag","embeddable":true,"href":"https:\/\/lydogkabel.dk\/index.php\/wp-json\/wp\/v2\/product_tag?post=1632"}],"curies":[{"name":"wp","href":"https:\/\/api.w.org\/{rel}","templated":true}]}}